{"id":2160,"date":"2023-05-22T16:00:37","date_gmt":"2023-05-22T14:00:37","guid":{"rendered":"http:\/\/www.lalongueville.fr\/?page_id=2160"},"modified":"2023-05-24T15:40:41","modified_gmt":"2023-05-24T13:40:41","slug":"location-salle-festive","status":"publish","type":"page","link":"http:\/\/www.lalongueville.fr\/index.php\/location-salle-festive\/","title":{"rendered":"Location Salle Festive"},"content":{"rendered":"\n<div style=\"height:50px\" aria-hidden=\"true\" class=\"wp-block-spacer\"><\/div>\n\n\n\n<h2 class=\"wp-block-heading has-text-align-center has-neve-link-color-color has-text-color\">Location de salle festive<\/h2>\n\n\n\n<div style=\"height:15px\" aria-hidden=\"true\" class=\"wp-block-spacer\"><\/div>\n\n\n\n<p style=\"font-size:clamp(14px, 0.875rem + ((1vw - 3.2px) * 0.392), 18px);\">Nous mettons a disposition des habitants de La Longueville ainsi que des ext\u00e9rieurs des salles afin d&rsquo;organiser vos f\u00eates\/\u00e9v\u00e8nements. Elles sont au nombre de 2 : la <strong>salle des f\u00eates<\/strong> (situ\u00e9e \u00e0 cot\u00e9 de la mairie), et la <strong>salle festive Nicolas Ladri\u00e8re <\/strong>(au niveau du parking de l&rsquo;\u00e9cole). <br>Les tarifs list\u00e9s ci-dessous sont applicables pour le week-end, aux <strong>saisons pr\u00e9d\u00e9finies<\/strong> (<strong>\u00e9t\u00e9<\/strong> : du 1er Avril au 30 Septembre, <strong>hiver<\/strong> : du 1er Octobre au 31 Mars). <br>Des tarifs sp\u00e9cifiques sont \u00e9galement disponibles pour des r\u00e9servations \u00e0 la journ\u00e9e en semaine, et pour les associations.<\/p>\n\n\n\n<p style=\"font-size:clamp(14px, 0.875rem + ((1vw - 3.2px) * 0.392), 18px);\"><strong>Pour plus d&rsquo;informations<\/strong> (caution, forfait m\u00e9nage, cas particuliers, etc&#8230;) veuillez contacter l&rsquo;accueil de la mairie au 03.27.68.10.14.<\/p>\n\n\n\n<div style=\"height:15px\" aria-hidden=\"true\" class=\"wp-block-spacer\"><\/div>\n\n\n\n<h3 class=\"wp-block-heading has-text-align-center has-neve-link-color-color has-text-color\">Salle des f\u00eates<\/h3>\n\n\n\n<figure class=\"wp-block-table is-style-stripes\" style=\"font-size:clamp(14px, 0.875rem + ((1vw - 3.2px) * 0.392), 18px);\"><table class=\"has-background has-fixed-layout\" style=\"background-color:#e4ddca\"><tbody><tr><td class=\"has-text-align-center\" data-align=\"center\"><strong>Saison &#8211; Tarifs<\/strong><\/td><td class=\"has-text-align-center\" data-align=\"center\"><strong>Longuevillois<\/strong><\/td><td class=\"has-text-align-center\" data-align=\"center\"><strong>Ext\u00e9rieurs<\/strong><\/td><\/tr><tr><td class=\"has-text-align-center\" data-align=\"center\"><strong>\u00c9t\u00e9<\/strong><\/td><td class=\"has-text-align-center\" data-align=\"center\">200\u20ac<\/td><td class=\"has-text-align-center\" data-align=\"center\">300\u20ac<\/td><\/tr><tr><td class=\"has-text-align-center\" data-align=\"center\"><strong>Hiver<\/strong><\/td><td class=\"has-text-align-center\" data-align=\"center\">230\u20ac<\/td><td class=\"has-text-align-center\" data-align=\"center\">330\u20ac<\/td><\/tr><\/tbody><\/table><\/figure>\n\n\n\n<div style=\"height:15px\" aria-hidden=\"true\" class=\"wp-block-spacer\"><\/div>\n\n\n\n<h3 class=\"wp-block-heading has-text-align-center has-neve-link-color-color has-text-color\">Salle festive Nicolas Ladri\u00e8re<\/h3>\n\n\n\n<figure class=\"wp-block-table is-style-stripes\" style=\"font-size:clamp(14px, 0.875rem + ((1vw - 3.2px) * 0.392), 18px);\"><table class=\"has-background has-fixed-layout\" style=\"background-color:#e4ddca\"><tbody><tr><td class=\"has-text-align-center\" data-align=\"center\"><strong>Saison &#8211; Tarifs<\/strong><\/td><td class=\"has-text-align-center\" data-align=\"center\"><strong>Longuevillois<\/strong><\/td><td class=\"has-text-align-center\" data-align=\"center\"><strong>Ext\u00e9rieurs<\/strong><\/td><\/tr><tr><td class=\"has-text-align-center\" data-align=\"center\"><strong>\u00c9t\u00e9<\/strong><\/td><td class=\"has-text-align-center\" data-align=\"center\">450\u20ac<\/td><td class=\"has-text-align-center\" data-align=\"center\">800\u20ac<\/td><\/tr><tr><td class=\"has-text-align-center\" data-align=\"center\"><strong>Hiver<\/strong><\/td><td class=\"has-text-align-center\" data-align=\"center\">500\u20ac<\/td><td class=\"has-text-align-center\" data-align=\"center\">850\u20ac<\/td><\/tr><\/tbody><\/table><\/figure>\n\n\n\n<div style=\"height:15px\" aria-hidden=\"true\" class=\"wp-block-spacer\"><\/div>\n","protected":false},"excerpt":{"rendered":"<p>Location de salle festive Nous mettons a disposition des habitants de La Longueville ainsi que des ext\u00e9rieurs des salles afin d&rsquo;organiser vos f\u00eates\/\u00e9v\u00e8nements. Elles sont au nombre de 2 : la salle des f\u00eates (situ\u00e9e \u00e0 cot\u00e9 de la mairie), et la salle festive Nicolas Ladri\u00e8re (au niveau du parking de l&rsquo;\u00e9cole). Les tarifs list\u00e9s [&hellip;]<\/p>\n","protected":false},"author":3,"featured_media":0,"parent":0,"menu_order":0,"comment_status":"closed","ping_status":"closed","template":"","meta":{"_uag_custom_page_level_css":"","footnotes":""},"class_list":["post-2160","page","type-page","status-publish","hentry"],"uagb_featured_image_src":{"full":false,"thumbnail":false,"medium":false,"medium_large":false,"large":false,"1536x1536":false,"2048x2048":false},"uagb_author_info":{"display_name":"stagiaire","author_link":"http:\/\/www.lalongueville.fr\/index.php\/author\/stagiaire\/"},"uagb_comment_info":0,"uagb_excerpt":"Location de salle festive Nous mettons a disposition des habitants de La Longueville ainsi que des ext\u00e9rieurs des salles afin d&rsquo;organiser vos f\u00eates\/\u00e9v\u00e8nements. Elles sont au nombre de 2 : la salle des f\u00eates (situ\u00e9e \u00e0 cot\u00e9 de la mairie), et la salle festive Nicolas Ladri\u00e8re (au niveau du parking de l&rsquo;\u00e9cole). Les tarifs list\u00e9s\u2026","rttpg_featured_image_url":null,"rttpg_author":{"display_name":"stagiaire","author_link":"http:\/\/www.lalongueville.fr\/index.php\/author\/stagiaire\/"},"rttpg_comment":0,"rttpg_category":null,"rttpg_excerpt":"Location de salle festive Nous mettons a disposition des habitants de La Longueville ainsi que des ext\u00e9rieurs des salles afin d&rsquo;organiser vos f\u00eates\/\u00e9v\u00e8nements. Elles sont au nombre de 2 : la salle des f\u00eates (situ\u00e9e \u00e0 cot\u00e9 de la mairie), et la salle festive Nicolas Ladri\u00e8re (au niveau du parking de l&rsquo;\u00e9cole). Les tarifs list\u00e9s\u2026","_links":{"self":[{"href":"http:\/\/www.lalongueville.fr\/index.php\/wp-json\/wp\/v2\/pages\/2160","targetHints":{"allow":["GET"]}}],"collection":[{"href":"http:\/\/www.lalongueville.fr\/index.php\/wp-json\/wp\/v2\/pages"}],"about":[{"href":"http:\/\/www.lalongueville.fr\/index.php\/wp-json\/wp\/v2\/types\/page"}],"author":[{"embeddable":true,"href":"http:\/\/www.lalongueville.fr\/index.php\/wp-json\/wp\/v2\/users\/3"}],"replies":[{"embeddable":true,"href":"http:\/\/www.lalongueville.fr\/index.php\/wp-json\/wp\/v2\/comments?post=2160"}],"version-history":[{"count":11,"href":"http:\/\/www.lalongueville.fr\/index.php\/wp-json\/wp\/v2\/pages\/2160\/revisions"}],"predecessor-version":[{"id":2212,"href":"http:\/\/www.lalongueville.fr\/index.php\/wp-json\/wp\/v2\/pages\/2160\/revisions\/2212"}],"wp:attachment":[{"href":"http:\/\/www.lalongueville.fr\/index.php\/wp-json\/wp\/v2\/media?parent=2160"}],"curies":[{"name":"wp","href":"https:\/\/api.w.org\/{rel}","templated":true}]}}