{"id":161,"date":"2021-05-10T08:24:22","date_gmt":"2021-05-10T06:24:22","guid":{"rendered":"http:\/\/lalonga.cluster030.hosting.ovh.net\/?page_id=161"},"modified":"2023-05-22T14:10:01","modified_gmt":"2023-05-22T12:10:01","slug":"informations-ecoles","status":"publish","type":"page","link":"http:\/\/www.lalongueville.fr\/index.php\/education-et-jeunesse\/lecole\/informations-ecoles\/","title":{"rendered":"Informations \u00c9coles"},"content":{"rendered":"\n<div style=\"height:50px\" aria-hidden=\"true\" class=\"wp-block-spacer\"><\/div>\n\n\n\n<h2 class=\"wp-block-heading has-text-align-center has-neve-link-color-color has-text-color\">Informations \u00e9coles maternelle &amp; primaire <\/h2>\n\n\n\n<div style=\"height:15px\" aria-hidden=\"true\" class=\"wp-block-spacer\"><\/div>\n\n\n\n<p class=\"has-text-align-center\" style=\"font-size:clamp(14px, 0.875rem + ((1vw - 3.2px) * 0.392), 18px);\">L&rsquo;\u00e9cole Jacques Pr\u00e9vert accueille les enfants de maternelle et primaire.<\/p>\n\n\n\n<p class=\"has-text-align-center\" style=\"font-size:clamp(14px, 0.875rem + ((1vw - 3.2px) * 0.392), 18px);\">Elle est situ\u00e9e au 14 Rue de la Gare, 59570 La Longueville.<\/p>\n\n\n\n<p class=\"has-text-align-center\" style=\"font-size:clamp(14px, 0.875rem + ((1vw - 3.2px) * 0.392), 18px);\">Il y a un parking disponible : espace Roger Batailler, rue de Bavay.<\/p>\n\n\n\n<p class=\"has-text-align-center\" style=\"font-size:clamp(14px, 0.875rem + ((1vw - 3.2px) * 0.392), 18px);\">Pour plus d&rsquo;informations vous pouvez contacter l&rsquo;\u00e9cole par t\u00e9l\u00e9phone au 03 27 68 10 19 ou contacter la mairie.<\/p>\n\n\n\n<figure class=\"wp-block-image aligncenter size-large is-resized\"><img fetchpriority=\"high\" decoding=\"async\" src=\"http:\/\/www.lalongueville.fr\/wp-content\/uploads\/2021\/06\/ecolesite-1024x576.jpg\" alt=\"\" class=\"wp-image-790\" width=\"662\" height=\"372\" srcset=\"http:\/\/www.lalongueville.fr\/wp-content\/uploads\/2021\/06\/ecolesite-1024x576.jpg 1024w, http:\/\/www.lalongueville.fr\/wp-content\/uploads\/2021\/06\/ecolesite-300x169.jpg 300w, http:\/\/www.lalongueville.fr\/wp-content\/uploads\/2021\/06\/ecolesite-768x432.jpg 768w, http:\/\/www.lalongueville.fr\/wp-content\/uploads\/2021\/06\/ecolesite.jpg 1350w\" sizes=\"(max-width: 662px) 100vw, 662px\" \/><\/figure>\n\n\n\n<div style=\"height:15px\" aria-hidden=\"true\" class=\"wp-block-spacer\"><\/div>\n\n\n\n<div style=\"height:15px\" aria-hidden=\"true\" class=\"wp-block-spacer\"><\/div>\n\n\n\n<h2 class=\"wp-block-heading has-text-align-center has-neve-link-color-color has-text-color\">Inscriptions \u00e0 l&rsquo;\u00e9cole<\/h2>\n\n\n\n<div style=\"height:15px\" aria-hidden=\"true\" class=\"wp-block-spacer\"><\/div>\n\n\n\n<p style=\"font-size:clamp(14px, 0.875rem + ((1vw - 3.2px) * 0.392), 18px);\">Pour les inscriptions \u00e0 l&rsquo;\u00e9cole Jacques Pr\u00e9vert, nous vous invitons \u00e0 venir en mairie directement afin de r\u00e9cup\u00e9rer un dossier d&rsquo;inscription et pour obtenir toutes les modalit\u00e9s concernant l&rsquo;inscription.<\/p>\n","protected":false},"excerpt":{"rendered":"<p>Informations \u00e9coles maternelle &amp; primaire L&rsquo;\u00e9cole Jacques Pr\u00e9vert accueille les enfants de maternelle et primaire. Elle est situ\u00e9e au 14 Rue de la Gare, 59570 La Longueville. Il y a un parking disponible : espace Roger Batailler, rue de Bavay. Pour plus d&rsquo;informations vous pouvez contacter l&rsquo;\u00e9cole par t\u00e9l\u00e9phone au 03 27 68 10 19 [&hellip;]<\/p>\n","protected":false},"author":2,"featured_media":0,"parent":159,"menu_order":0,"comment_status":"closed","ping_status":"closed","template":"","meta":{"_uag_custom_page_level_css":"","footnotes":""},"class_list":["post-161","page","type-page","status-publish","hentry"],"uagb_featured_image_src":{"full":false,"thumbnail":false,"medium":false,"medium_large":false,"large":false,"1536x1536":false,"2048x2048":false},"uagb_author_info":{"display_name":"Mairie","author_link":"http:\/\/www.lalongueville.fr\/index.php\/author\/numerique\/"},"uagb_comment_info":0,"uagb_excerpt":"Informations \u00e9coles maternelle &amp; primaire L&rsquo;\u00e9cole Jacques Pr\u00e9vert accueille les enfants de maternelle et primaire. Elle est situ\u00e9e au 14 Rue de la Gare, 59570 La Longueville. Il y a un parking disponible : espace Roger Batailler, rue de Bavay. Pour plus d&rsquo;informations vous pouvez contacter l&rsquo;\u00e9cole par t\u00e9l\u00e9phone au 03 27 68 10 19\u2026","rttpg_featured_image_url":null,"rttpg_author":{"display_name":"Mairie","author_link":"http:\/\/www.lalongueville.fr\/index.php\/author\/numerique\/"},"rttpg_comment":0,"rttpg_category":null,"rttpg_excerpt":"Informations \u00e9coles maternelle &amp; primaire L&rsquo;\u00e9cole Jacques Pr\u00e9vert accueille les enfants de maternelle et primaire. Elle est situ\u00e9e au 14 Rue de la Gare, 59570 La Longueville. Il y a un parking disponible : espace Roger Batailler, rue de Bavay. Pour plus d&rsquo;informations vous pouvez contacter l&rsquo;\u00e9cole par t\u00e9l\u00e9phone au 03 27 68 10 19\u2026","_links":{"self":[{"href":"http:\/\/www.lalongueville.fr\/index.php\/wp-json\/wp\/v2\/pages\/161","targetHints":{"allow":["GET"]}}],"collection":[{"href":"http:\/\/www.lalongueville.fr\/index.php\/wp-json\/wp\/v2\/pages"}],"about":[{"href":"http:\/\/www.lalongueville.fr\/index.php\/wp-json\/wp\/v2\/types\/page"}],"author":[{"embeddable":true,"href":"http:\/\/www.lalongueville.fr\/index.php\/wp-json\/wp\/v2\/users\/2"}],"replies":[{"embeddable":true,"href":"http:\/\/www.lalongueville.fr\/index.php\/wp-json\/wp\/v2\/comments?post=161"}],"version-history":[{"count":6,"href":"http:\/\/www.lalongueville.fr\/index.php\/wp-json\/wp\/v2\/pages\/161\/revisions"}],"predecessor-version":[{"id":2139,"href":"http:\/\/www.lalongueville.fr\/index.php\/wp-json\/wp\/v2\/pages\/161\/revisions\/2139"}],"up":[{"embeddable":true,"href":"http:\/\/www.lalongueville.fr\/index.php\/wp-json\/wp\/v2\/pages\/159"}],"wp:attachment":[{"href":"http:\/\/www.lalongueville.fr\/index.php\/wp-json\/wp\/v2\/media?parent=161"}],"curies":[{"name":"wp","href":"https:\/\/api.w.org\/{rel}","templated":true}]}}

Informations Écoles

<div style="height:50px" aria-hidden="true" class="wp-block-spacer"></div>



<h2 class="wp-block-heading has-text-align-center has-neve-link-color-color has-text-color">Informations écoles maternelle &amp; primaire </h2>



<div style="height:15px" aria-hidden="true" class="wp-block-spacer"></div>



<p class="has-text-align-center" style="font-size:clamp(14px, 0.875rem + ((1vw - 3.2px) * 0.392), 18px);">L&rsquo;école Jacques Prévert accueille les enfants de maternelle et primaire.</p>



<p class="has-text-align-center" style="font-size:clamp(14px, 0.875rem + ((1vw - 3.2px) * 0.392), 18px);">Elle est située au 14 Rue de la Gare, 59570 La Longueville.</p>



<p class="has-text-align-center" style="font-size:clamp(14px, 0.875rem + ((1vw - 3.2px) * 0.392), 18px);">Il y a un parking disponible : espace Roger Batailler, rue de Bavay.</p>



<p class="has-text-align-center" style="font-size:clamp(14px, 0.875rem + ((1vw - 3.2px) * 0.392), 18px);">Pour plus d&rsquo;informations vous pouvez contacter l&rsquo;école par téléphone au 03 27 68 10 19 ou contacter la mairie.</p>



<figure class="wp-block-image aligncenter size-large is-resized"><img fetchpriority="high" decoding="async" src="http://www.lalongueville.fr/wp-content/uploads/2021/06/ecolesite-1024x576.jpg" alt="" class="wp-image-790" width="662" height="372" srcset="http://www.lalongueville.fr/wp-content/uploads/2021/06/ecolesite-1024x576.jpg 1024w, http://www.lalongueville.fr/wp-content/uploads/2021/06/ecolesite-300x169.jpg 300w, http://www.lalongueville.fr/wp-content/uploads/2021/06/ecolesite-768x432.jpg 768w, http://www.lalongueville.fr/wp-content/uploads/2021/06/ecolesite.jpg 1350w" sizes="(max-width: 662px) 100vw, 662px" /></figure>



<div style="height:15px" aria-hidden="true" class="wp-block-spacer"></div>



<div style="height:15px" aria-hidden="true" class="wp-block-spacer"></div>



<h2 class="wp-block-heading has-text-align-center has-neve-link-color-color has-text-color">Inscriptions à l&rsquo;école</h2>



<div style="height:15px" aria-hidden="true" class="wp-block-spacer"></div>



<p style="font-size:clamp(14px, 0.875rem + ((1vw - 3.2px) * 0.392), 18px);">Pour les inscriptions à l&rsquo;école Jacques Prévert, nous vous invitons à venir en mairie directement afin de récupérer un dossier d&rsquo;inscription et pour obtenir toutes les modalités concernant l&rsquo;inscription.</p>

<p>Informations écoles maternelle &amp; primaire L&rsquo;école Jacques Prévert accueille les enfants de maternelle et primaire. Elle est située au 14 Rue de la Gare, 59570 La Longueville. Il y a un parking disponible : espace Roger Batailler, rue de Bavay. Pour plus d&rsquo;informations vous pouvez contacter l&rsquo;école par téléphone au 03 27 68 10 19 [&hellip;]</p>

Informations écoles maternelle &amp; primaire L&rsquo;école Jacques Prévert accueille les enfants de maternelle et primaire. Elle est située au 14 Rue de la Gare, 59570 La Longueville. Il y a un parking disponible : espace Roger Batailler, rue de Bavay. Pour plus d&rsquo;informations vous pouvez contacter l&rsquo;école par téléphone au 03 27 68 10 19…
